{"id":2602,"date":"2026-04-29T08:45:00","date_gmt":"2026-04-29T06:45:00","guid":{"rendered":"https:\/\/turismosostible.lugo.gal\/?page_id=2602"},"modified":"2026-04-27T10:47:54","modified_gmt":"2026-04-27T08:47:54","slug":"a-reserva-da-biosfera-pulmon-verde","status":"publish","type":"page","link":"https:\/\/turismosostible.lugo.gal\/es\/a-reserva-da-biosfera-pulmon-verde\/","title":{"rendered":"A RESERVA DA BIOSFERA: PULM\u00d3N VERDE"},"content":{"rendered":"<div data-elementor-type=\"wp-page\" data-elementor-id=\"2602\" class=\"elementor elementor-2602\" data-elementor-post-type=\"page\">\n\t\t\t\t\t\t<section class=\"elementor-section elementor-top-section elementor-element elementor-element-68924aa elementor-section-full_width elementor-section-height-min-height elementor-section-height-default elementor-section-items-middle\" data-id=\"68924aa\" data-element_type=\"section\" data-e-type=\"section\">\n\t\t\t\t\t\t<div class=\"elementor-container elementor-column-gap-custom\">\n\t\t\t\t\t<div class=\"elementor-column elementor-col-100 elementor-top-column elementor-element elementor-element-8e196ca\" data-id=\"8e196ca\" data-element_type=\"column\" data-e-type=\"column\">\n\t\t\t<div class=\"elementor-widget-wrap elementor-element-populated\">\n\t\t\t\t\t\t<section class=\"elementor-section elementor-inner-section elementor-element elementor-element-b5294fd elementor-section-full_width elementor-section-height-min-height elementor-reverse-mobile elementor-reverse-tablet elementor-section-height-default\" data-id=\"b5294fd\" data-element_type=\"section\" data-e-type=\"section\">\n\t\t\t\t\t\t<div class=\"elementor-container elementor-column-gap-no\">\n\t\t\t\t\t<div class=\"elementor-column elementor-col-50 elementor-inner-column elementor-element elementor-element-f64d004 has-stretch-block to-left\" data-id=\"f64d004\" data-element_type=\"column\" data-e-type=\"column\">\n\t\t\t<div class=\"elementor-widget-wrap elementor-element-populated\">\n\t\t\t\t\t\t<div class=\"elementor-element elementor-element-4cd5b70 elementor-widget elementor-widget-text-editor\" data-id=\"4cd5b70\" data-element_type=\"widget\" data-e-type=\"widget\" data-widget_type=\"text-editor.default\">\n\t\t\t\t\t\t\t\t\t<p>Lugo no es solo su historia: la ciudad est\u00e1 rodeada por un entorno natural protegido, reconocido como Reserva de la Biosfera Terras do Mi\u00f1o. Este cintur\u00f3n verde, que bordea los r\u00edos Mi\u00f1o y Rato, ofrece un espacio \u00fanico donde la biodiversidad y la vida cotidiana conviven en armon\u00eda. Bosques de ribera, prados, humedales y jardines urbanos permiten al visitante respirar aire puro y conectar con la naturaleza sin alejarse de la ciudad.<\/p>\t\t\t\t\t\t\t\t<\/div>\n\t\t\t\t<div class=\"elementor-element elementor-element-d88420b elementor-widget elementor-widget-video\" data-id=\"d88420b\" data-element_type=\"widget\" data-e-type=\"widget\" data-settings=\"{&quot;video_type&quot;:&quot;hosted&quot;,&quot;autoplay&quot;:&quot;yes&quot;,&quot;controls&quot;:&quot;yes&quot;}\" data-widget_type=\"video.default\">\n\t\t\t\t\t\t\t<div class=\"e-hosted-video elementor-wrapper elementor-open-inline\">\n\t\t\t\t\t<video class=\"elementor-video\" src=\"https:\/\/turismosostible.lugo.gal\/wp-content\/uploads\/2026\/04\/2.-Patrimonio-natural_CAS.mp4\" autoplay=\"\" controls=\"\" controlslist=\"nodownload\"><\/video>\n\t\t\t\t<\/div>\n\t\t\t\t\t\t<\/div>\n\t\t\t\t<div class=\"elementor-element elementor-element-71621fe elementor-hidden-desktop elementor-hidden-tablet elementor-hidden-mobile elementor-widget elementor-widget-heading\" data-id=\"71621fe\" data-element_type=\"widget\" data-e-type=\"widget\" data-widget_type=\"heading.default\">\n\t\t\t\t\t<h3 class=\"elementor-heading-title elementor-size-default\">Lugo, un encuentro con la historia<\/h3>\t\t\t\t<\/div>\n\t\t\t\t<div class=\"elementor-element elementor-element-49a10c3 elementor-widget elementor-widget-text-editor\" data-id=\"49a10c3\" data-element_type=\"widget\" data-e-type=\"widget\" data-widget_type=\"text-editor.default\">\n\t\t\t\t\t\t\t\t\t<p>El patrimonio cultural y romano de Lugo convive con su riqueza natural. Los r\u00edos Mi\u00f1o y Rato forman parte del Cintur\u00f3n Verde, permitiendo recorrer senderos y rutas donde disfrutar de la calma, del aire libre y de la biodiversidad. Este entorno privilegiado sit\u00faa a Lugo en un contexto \u00fanico, siendo la \u00fanica capital ib\u00e9rica incluida en esta distinci\u00f3n de la UNESCO.<\/p><p>Aqu\u00ed se encuentran tres caminos que atraviesan la ciudad y conectan a Lugo con su historia y entorno:<\/p><ul><li>Camino Primitivo de Santiago (Patrimonio Mundial de la UNESCO), que invita a vivir la ciudad desde la perspectiva del peregrino.<\/li><li>V\u00eda XIX, la antigua calzada romana que un\u00eda Lugo con otros enclaves de la Gallaecia.<\/li><li>V\u00eda K\u00fcnig, un itinerario hist\u00f3rico de finales del siglo XV que conecta Santiago de Compostela con Lugo.<\/li><\/ul><p>\u00a0<\/p><p>A lo largo de estos recorridos se descubren espacios de naturaleza integrada en la ciudad, as\u00ed como vestigios hist\u00f3ricos como las termas romanas al pie del Mi\u00f1o, que recuerdan la relaci\u00f3n ancestral entre el agua, la historia y la ciudad.<\/p><p>Visitar la Reserva de la Biosfera de Lugo es descubrir c\u00f3mo una ciudad puede convivir con la naturaleza, ofrecer espacios de recreo sostenible y fomentar la educaci\u00f3n ambiental, convirti\u00e9ndose en un destino ideal para familias, amantes de la fauna y fot\u00f3grafos de paisaje. Te invitamos a recorrer Lugo desde esta perspectiva sostenible, donde patrimonio, naturaleza y calidad de vida se encuentran en cada paseo, en cada ruta y en cada experiencia.<\/p>\t\t\t\t\t\t\t\t<\/div>\n\t\t\t\t<div class=\"elementor-element elementor-element-2d149c7 elementor-widget elementor-widget-button\" data-id=\"2d149c7\" data-element_type=\"widget\" data-e-type=\"widget\" data-widget_type=\"button.default\">\n\t\t\t\t\t\t\t\t\t\t<a class=\"elementor-button elementor-button-link elementor-size-sm\" href=\"\/es\/rutas-para-perderse-na-natureza\/\">\n\t\t\t\t\t\t<span class=\"elementor-button-content-wrapper\">\n\t\t\t\t\t\t\t\t\t<span class=\"elementor-button-text\">Rutas para perderse en la naturaleza<\/span>\n\t\t\t\t\t<\/span>\n\t\t\t\t\t<\/a>\n\t\t\t\t\t\t\t\t<\/div>\n\t\t\t\t\t<\/div>\n\t\t<\/div>\n\t\t\t\t<div class=\"elementor-column elementor-col-50 elementor-inner-column elementor-element elementor-element-86e0a38 has-sticky-column has-stretch-block has-reset-mobile to-left\" data-id=\"86e0a38\" data-element_type=\"column\" data-e-type=\"column\" data-settings=\"{&quot;background_background&quot;:&quot;classic&quot;}\">\n\t\t\t<div class=\"elementor-widget-wrap elementor-element-populated\">\n\t\t\t\t\t\t<div class=\"elementor-element elementor-element-7942620 elementor-widget elementor-widget-image-carousel\" data-id=\"7942620\" data-element_type=\"widget\" data-e-type=\"widget\" data-settings=\"{&quot;slides_to_show&quot;:&quot;1&quot;,&quot;navigation&quot;:&quot;none&quot;,&quot;lazyload&quot;:&quot;yes&quot;,&quot;autoplay&quot;:&quot;yes&quot;,&quot;pause_on_hover&quot;:&quot;yes&quot;,&quot;pause_on_interaction&quot;:&quot;yes&quot;,&quot;autoplay_speed&quot;:5000,&quot;infinite&quot;:&quot;yes&quot;,&quot;effect&quot;:&quot;slide&quot;,&quot;speed&quot;:500}\" data-widget_type=\"image-carousel.default\">\n\t\t\t\t\t\t\t<div class=\"elementor-image-carousel-wrapper swiper\" role=\"region\" aria-roledescription=\"carousel\" aria-label=\"Carrusel de im\u00e1genes\" dir=\"ltr\">\n\t\t\t<div class=\"elementor-image-carousel swiper-wrapper swiper-image-stretch\" aria-live=\"off\">\n\t\t\t\t\t\t\t\t<div class=\"swiper-slide\" role=\"group\" aria-roledescription=\"slide\" aria-label=\"1 de 5\" data-no-translation-aria-label=\"\"><figure class=\"swiper-slide-inner\"><img class=\"swiper-slide-image swiper-lazy\" data-src=\"https:\/\/turismosostible.lugo.gal\/wp-content\/uploads\/2026\/02\/lugo_333-1.jpg\" alt=\"lugo_333\" \/><div class=\"swiper-lazy-preloader\"><\/div><\/figure><\/div><div class=\"swiper-slide\" role=\"group\" aria-roledescription=\"slide\" aria-label=\"2 de 5\" data-no-translation-aria-label=\"\"><figure class=\"swiper-slide-inner\"><img class=\"swiper-slide-image swiper-lazy\" data-src=\"https:\/\/turismosostible.lugo.gal\/wp-content\/uploads\/2026\/02\/lugo_546-1.jpg\" alt=\"lugo_546\" \/><div class=\"swiper-lazy-preloader\"><\/div><\/figure><\/div><div class=\"swiper-slide\" role=\"group\" aria-roledescription=\"slide\" aria-label=\"3 de 5\" data-no-translation-aria-label=\"\"><figure class=\"swiper-slide-inner\"><img class=\"swiper-slide-image swiper-lazy\" data-src=\"https:\/\/turismosostible.lugo.gal\/wp-content\/uploads\/2026\/02\/lugo_550-1.jpg\" alt=\"lugo_550\" \/><div class=\"swiper-lazy-preloader\"><\/div><\/figure><\/div><div class=\"swiper-slide\" role=\"group\" aria-roledescription=\"slide\" aria-label=\"4 de 5\" data-no-translation-aria-label=\"\"><figure class=\"swiper-slide-inner\"><img class=\"swiper-slide-image swiper-lazy\" data-src=\"https:\/\/turismosostible.lugo.gal\/wp-content\/uploads\/2026\/02\/lugo_687-1.jpg\" alt=\"lugo_687\" \/><div class=\"swiper-lazy-preloader\"><\/div><\/figure><\/div><div class=\"swiper-slide\" role=\"group\" aria-roledescription=\"slide\" aria-label=\"5 de 5\" data-no-translation-aria-label=\"\"><figure class=\"swiper-slide-inner\"><img class=\"swiper-slide-image swiper-lazy\" data-src=\"https:\/\/turismosostible.lugo.gal\/wp-content\/uploads\/2026\/02\/lugo_561-1.jpg\" alt=\"lugo_561\" \/><div class=\"swiper-lazy-preloader\"><\/div><\/figure><\/div>\t\t\t<\/div>\n\t\t\t\t\t\t\t\n\t\t\t\t\t\t\t\t\t<\/div>\n\t\t\t\t\t\t<\/div>\n\t\t\t\t\t<\/div>\n\t\t<\/div>\n\t\t\t\t\t<\/div>\n\t\t<\/section>\n\t\t\t\t\t<\/div>\n\t\t<\/div>\n\t\t\t\t\t<\/div>\n\t\t<\/section>\n\t\t\t\t<\/div>","protected":false},"excerpt":{"rendered":"<p>Lugo non \u00e9 s\u00f3 a s\u00faa historia: a cidade est\u00e1 rodeada por un entorno natural protexido, reco\u00f1ecido como Reserva da Biosfera Terras do Mi\u00f1o. [&hellip;]<\/p>\n","protected":false},"author":1,"featured_media":0,"parent":0,"menu_order":0,"comment_status":"closed","ping_status":"closed","template":"page-custom.php","meta":{"_acf_changed":false,"footnotes":""},"class_list":["post-2602","page","type-page","status-publish","hentry"],"acf":{"full_width":true,"header_transparent":false},"_links":{"self":[{"href":"https:\/\/turismosostible.lugo.gal\/es\/wp-json\/wp\/v2\/pages\/2602","targetHints":{"allow":["GET"]}}],"collection":[{"href":"https:\/\/turismosostible.lugo.gal\/es\/wp-json\/wp\/v2\/pages"}],"about":[{"href":"https:\/\/turismosostible.lugo.gal\/es\/wp-json\/wp\/v2\/types\/page"}],"author":[{"embeddable":true,"href":"https:\/\/turismosostible.lugo.gal\/es\/wp-json\/wp\/v2\/users\/1"}],"replies":[{"embeddable":true,"href":"https:\/\/turismosostible.lugo.gal\/es\/wp-json\/wp\/v2\/comments?post=2602"}],"version-history":[{"count":7,"href":"https:\/\/turismosostible.lugo.gal\/es\/wp-json\/wp\/v2\/pages\/2602\/revisions"}],"predecessor-version":[{"id":2619,"href":"https:\/\/turismosostible.lugo.gal\/es\/wp-json\/wp\/v2\/pages\/2602\/revisions\/2619"}],"wp:attachment":[{"href":"https:\/\/turismosostible.lugo.gal\/es\/wp-json\/wp\/v2\/media?parent=2602"}],"curies":[{"name":"wp","href":"https:\/\/api.w.org\/{rel}","templated":true}]}}

A RESERVA DA BIOSFERA: PULMÓN VERDE

<div data-elementor-type="wp-page" data-elementor-id="2602" class="elementor elementor-2602" data-elementor-post-type="page">
						<section class="elementor-section elementor-top-section elementor-element elementor-element-68924aa elementor-section-full_width elementor-section-height-min-height elementor-section-height-default elementor-section-items-middle" data-id="68924aa" data-element_type="section" data-e-type="section">
						<div class="elementor-container elementor-column-gap-custom">
					<div class="elementor-column elementor-col-100 elementor-top-column elementor-element elementor-element-8e196ca" data-id="8e196ca" data-element_type="column" data-e-type="column">
			<div class="elementor-widget-wrap elementor-element-populated">
						<section class="elementor-section elementor-inner-section elementor-element elementor-element-b5294fd elementor-section-full_width elementor-section-height-min-height elementor-reverse-mobile elementor-reverse-tablet elementor-section-height-default" data-id="b5294fd" data-element_type="section" data-e-type="section">
						<div class="elementor-container elementor-column-gap-no">
					<div class="elementor-column elementor-col-50 elementor-inner-column elementor-element elementor-element-f64d004 has-stretch-block to-left" data-id="f64d004" data-element_type="column" data-e-type="column">
			<div class="elementor-widget-wrap elementor-element-populated">
						<div class="elementor-element elementor-element-4cd5b70 elementor-widget elementor-widget-text-editor" data-id="4cd5b70" data-element_type="widget" data-e-type="widget" data-widget_type="text-editor.default">
									<p>Lugo no es solo su historia: la ciudad está rodeada por un entorno natural protegido, reconocido como Reserva de la Biosfera Terras do Miño. Este cinturón verde, que bordea los ríos Miño y Rato, ofrece un espacio único donde la biodiversidad y la vida cotidiana conviven en armonía. Bosques de ribera, prados, humedales y jardines urbanos permiten al visitante respirar aire puro y conectar con la naturaleza sin alejarse de la ciudad.</p>								</div>
				<div class="elementor-element elementor-element-d88420b elementor-widget elementor-widget-video" data-id="d88420b" data-element_type="widget" data-e-type="widget" data-settings="{&quot;video_type&quot;:&quot;hosted&quot;,&quot;autoplay&quot;:&quot;yes&quot;,&quot;controls&quot;:&quot;yes&quot;}" data-widget_type="video.default">
							<div class="e-hosted-video elementor-wrapper elementor-open-inline">
					<video class="elementor-video" src="https://turismosostible.lugo.gal/wp-content/uploads/2026/04/2.-Patrimonio-natural_CAS.mp4" autoplay="" controls="" controlslist="nodownload"></video>
				</div>
						</div>
				<div class="elementor-element elementor-element-71621fe elementor-hidden-desktop elementor-hidden-tablet elementor-hidden-mobile elementor-widget elementor-widget-heading" data-id="71621fe" data-element_type="widget" data-e-type="widget" data-widget_type="heading.default">
					<h3 class="elementor-heading-title elementor-size-default">Lugo, un encuentro con la historia</h3>				</div>
				<div class="elementor-element elementor-element-49a10c3 elementor-widget elementor-widget-text-editor" data-id="49a10c3" data-element_type="widget" data-e-type="widget" data-widget_type="text-editor.default">
									<p>El patrimonio cultural y romano de Lugo convive con su riqueza natural. Los ríos Miño y Rato forman parte del Cinturón Verde, permitiendo recorrer senderos y rutas donde disfrutar de la calma, del aire libre y de la biodiversidad. Este entorno privilegiado sitúa a Lugo en un contexto único, siendo la única capital ibérica incluida en esta distinción de la UNESCO.</p><p>Aquí se encuentran tres caminos que atraviesan la ciudad y conectan a Lugo con su historia y entorno:</p><ul><li>Camino Primitivo de Santiago (Patrimonio Mundial de la UNESCO), que invita a vivir la ciudad desde la perspectiva del peregrino.</li><li>Vía XIX, la antigua calzada romana que unía Lugo con otros enclaves de la Gallaecia.</li><li>Vía Künig, un itinerario histórico de finales del siglo XV que conecta Santiago de Compostela con Lugo.</li></ul><p> </p><p>A lo largo de estos recorridos se descubren espacios de naturaleza integrada en la ciudad, así como vestigios históricos como las termas romanas al pie del Miño, que recuerdan la relación ancestral entre el agua, la historia y la ciudad.</p><p>Visitar la Reserva de la Biosfera de Lugo es descubrir cómo una ciudad puede convivir con la naturaleza, ofrecer espacios de recreo sostenible y fomentar la educación ambiental, convirtiéndose en un destino ideal para familias, amantes de la fauna y fotógrafos de paisaje. Te invitamos a recorrer Lugo desde esta perspectiva sostenible, donde patrimonio, naturaleza y calidad de vida se encuentran en cada paseo, en cada ruta y en cada experiencia.</p>								</div>
				<div class="elementor-element elementor-element-2d149c7 elementor-widget elementor-widget-button" data-id="2d149c7" data-element_type="widget" data-e-type="widget" data-widget_type="button.default">
										<a class="elementor-button elementor-button-link elementor-size-sm" href="/es/rutas-para-perderse-na-natureza/">
						<span class="elementor-button-content-wrapper">
									<span class="elementor-button-text">Rutas para perderse en la naturaleza</span>
					</span>
					</a>
								</div>
					</div>
		</div>
				<div class="elementor-column elementor-col-50 elementor-inner-column elementor-element elementor-element-86e0a38 has-sticky-column has-stretch-block has-reset-mobile to-left" data-id="86e0a38" data-element_type="column" data-e-type="column" data-settings="{&quot;background_background&quot;:&quot;classic&quot;}">
			<div class="elementor-widget-wrap elementor-element-populated">
						<div class="elementor-element elementor-element-7942620 elementor-widget elementor-widget-image-carousel" data-id="7942620" data-element_type="widget" data-e-type="widget" data-settings="{&quot;slides_to_show&quot;:&quot;1&quot;,&quot;navigation&quot;:&quot;none&quot;,&quot;lazyload&quot;:&quot;yes&quot;,&quot;autoplay&quot;:&quot;yes&quot;,&quot;pause_on_hover&quot;:&quot;yes&quot;,&quot;pause_on_interaction&quot;:&quot;yes&quot;,&quot;autoplay_speed&quot;:5000,&quot;infinite&quot;:&quot;yes&quot;,&quot;effect&quot;:&quot;slide&quot;,&quot;speed&quot;:500}" data-widget_type="image-carousel.default">
							<div class="elementor-image-carousel-wrapper swiper" role="region" aria-roledescription="carousel" aria-label="Carrusel de imágenes" dir="ltr">
			<div class="elementor-image-carousel swiper-wrapper swiper-image-stretch" aria-live="off">
								<div class="swiper-slide" role="group" aria-roledescription="slide" aria-label="1 de 5" data-no-translation-aria-label=""><figure class="swiper-slide-inner"><img class="swiper-slide-image swiper-lazy" data-src="https://turismosostible.lugo.gal/wp-content/uploads/2026/02/lugo_333-1.jpg" alt="lugo_333" /><div class="swiper-lazy-preloader"></div></figure></div><div class="swiper-slide" role="group" aria-roledescription="slide" aria-label="2 de 5" data-no-translation-aria-label=""><figure class="swiper-slide-inner"><img class="swiper-slide-image swiper-lazy" data-src="https://turismosostible.lugo.gal/wp-content/uploads/2026/02/lugo_546-1.jpg" alt="lugo_546" /><div class="swiper-lazy-preloader"></div></figure></div><div class="swiper-slide" role="group" aria-roledescription="slide" aria-label="3 de 5" data-no-translation-aria-label=""><figure class="swiper-slide-inner"><img class="swiper-slide-image swiper-lazy" data-src="https://turismosostible.lugo.gal/wp-content/uploads/2026/02/lugo_550-1.jpg" alt="lugo_550" /><div class="swiper-lazy-preloader"></div></figure></div><div class="swiper-slide" role="group" aria-roledescription="slide" aria-label="4 de 5" data-no-translation-aria-label=""><figure class="swiper-slide-inner"><img class="swiper-slide-image swiper-lazy" data-src="https://turismosostible.lugo.gal/wp-content/uploads/2026/02/lugo_687-1.jpg" alt="lugo_687" /><div class="swiper-lazy-preloader"></div></figure></div><div class="swiper-slide" role="group" aria-roledescription="slide" aria-label="5 de 5" data-no-translation-aria-label=""><figure class="swiper-slide-inner"><img class="swiper-slide-image swiper-lazy" data-src="https://turismosostible.lugo.gal/wp-content/uploads/2026/02/lugo_561-1.jpg" alt="lugo_561" /><div class="swiper-lazy-preloader"></div></figure></div>			</div>
							
									</div>
						</div>
					</div>
		</div>
					</div>
		</section>
					</div>
		</div>
					</div>
		</section>
				</div>

<p>Lugo non é só a súa historia: a cidade está rodeada por un entorno natural protexido, recoñecido como Reserva da Biosfera Terras do Miño. [&hellip;]</p>
