{"id":2543,"date":"2026-04-27T08:45:00","date_gmt":"2026-04-27T06:45:00","guid":{"rendered":"https:\/\/turismosostible.lugo.gal\/?page_id=2543"},"modified":"2026-04-24T14:32:02","modified_gmt":"2026-04-24T12:32:02","slug":"a-catedral-de-lugo-historia-arte-e-espiritualidade-no-corazon-da-cidade","status":"publish","type":"page","link":"https:\/\/turismosostible.lugo.gal\/es\/a-catedral-de-lugo-historia-arte-e-espiritualidade-no-corazon-da-cidade\/","title":{"rendered":"A Catedral de Lugo: historia, arte e espiritualidade no coraz\u00f3n da cidade"},"content":{"rendered":"<div data-elementor-type=\"wp-page\" data-elementor-id=\"2543\" class=\"elementor elementor-2543\" data-elementor-post-type=\"page\">\n\t\t\t\t\t\t<section class=\"elementor-section elementor-top-section elementor-element elementor-element-68924aa elementor-section-full_width elementor-section-height-min-height elementor-section-height-default elementor-section-items-middle\" data-id=\"68924aa\" data-element_type=\"section\" data-e-type=\"section\">\n\t\t\t\t\t\t<div class=\"elementor-container elementor-column-gap-custom\">\n\t\t\t\t\t<div class=\"elementor-column elementor-col-100 elementor-top-column elementor-element elementor-element-8e196ca\" data-id=\"8e196ca\" data-element_type=\"column\" data-e-type=\"column\">\n\t\t\t<div class=\"elementor-widget-wrap elementor-element-populated\">\n\t\t\t\t\t\t<section class=\"elementor-section elementor-inner-section elementor-element elementor-element-b5294fd elementor-section-full_width elementor-section-height-min-height elementor-reverse-mobile elementor-reverse-tablet elementor-section-height-default\" data-id=\"b5294fd\" data-element_type=\"section\" data-e-type=\"section\">\n\t\t\t\t\t\t<div class=\"elementor-container elementor-column-gap-no\">\n\t\t\t\t\t<div class=\"elementor-column elementor-col-50 elementor-inner-column elementor-element elementor-element-f64d004 has-stretch-block to-left\" data-id=\"f64d004\" data-element_type=\"column\" data-e-type=\"column\">\n\t\t\t<div class=\"elementor-widget-wrap elementor-element-populated\">\n\t\t\t\t\t\t<div class=\"elementor-element elementor-element-4cd5b70 elementor-hidden-desktop elementor-hidden-tablet elementor-hidden-mobile elementor-widget elementor-widget-text-editor\" data-id=\"4cd5b70\" data-element_type=\"widget\" data-e-type=\"widget\" data-widget_type=\"text-editor.default\">\n\t\t\t\t\t\t\t\t\t<p>Hay destinos que se visitan y otros que se viven.<br \/>Lugo pertenece a estos \u00faltimos.<\/p>\n<p>Situada en el coraz\u00f3n de Galicia, en el noroeste peninsular, Lugo\nes un destino \u00fanico donde el patrimonio hist\u00f3rico, la naturaleza y la\nenogastronom\u00eda conviven de forma org\u00e1nica. Su Muralla Romana,\ndeclarada Patrimonio de la Humanidad, no solo define el paisaje\nurbano, sino tambi\u00e9n una forma de entender el tiempo y la vida.<\/p>\t\t\t\t\t\t\t\t<\/div>\n\t\t\t\t<div class=\"elementor-element elementor-element-d88420b elementor-widget elementor-widget-video\" data-id=\"d88420b\" data-element_type=\"widget\" data-e-type=\"widget\" data-settings=\"{&quot;video_type&quot;:&quot;hosted&quot;,&quot;autoplay&quot;:&quot;yes&quot;,&quot;controls&quot;:&quot;yes&quot;}\" data-widget_type=\"video.default\">\n\t\t\t\t\t\t\t<div class=\"e-hosted-video elementor-wrapper elementor-open-inline\">\n\t\t\t\t\t<video class=\"elementor-video\" src=\"https:\/\/turismosostible.lugo.gal\/wp-content\/uploads\/2026\/04\/1.-Espiritualidad_CAS.mp4\" autoplay=\"\" controls=\"\" controlslist=\"nodownload\"><\/video>\n\t\t\t\t<\/div>\n\t\t\t\t\t\t<\/div>\n\t\t\t\t<div class=\"elementor-element elementor-element-71621fe elementor-hidden-desktop elementor-hidden-tablet elementor-hidden-mobile elementor-widget elementor-widget-heading\" data-id=\"71621fe\" data-element_type=\"widget\" data-e-type=\"widget\" data-widget_type=\"heading.default\">\n\t\t\t\t\t<h3 class=\"elementor-heading-title elementor-size-default\">Lugo, un encuentro con la historia<\/h3>\t\t\t\t<\/div>\n\t\t\t\t<div class=\"elementor-element elementor-element-49a10c3 elementor-widget elementor-widget-text-editor\" data-id=\"49a10c3\" data-element_type=\"widget\" data-e-type=\"widget\" data-widget_type=\"text-editor.default\">\n\t\t\t\t\t\t\t\t\t<p>La Catedral de Santa Mar\u00eda de Lugo es uno de los grandes s\u00edmbolos patrimoniales y espirituales de la ciudad. Situada en el coraz\u00f3n del casco hist\u00f3rico de Lugo, este templo combina estilos rom\u00e1nico, g\u00f3tico, barroco y neocl\u00e1sico, resultado de siglos de transformaciones.<\/p>\n<p>Uno de sus elementos m\u00e1s singulares es la exposici\u00f3n permanente del Sant\u00edsimo Sacramento, una tradici\u00f3n \u00fanica en el \u00e1mbito catedralicio que convierte este espacio en un lugar de referencia espiritual tanto para visitantes como para peregrinos.<\/p>\n<p>En el interior, destacan la capilla mayor, el claustro y diversas capillas que reflejan la evoluci\u00f3n art\u00edstica y religiosa de la ciudad. La visita a la catedral permite comprender la importancia de Lugo como centro religioso a lo largo de la historia.<\/p>\n<p>Adem\u00e1s de su valor monumental, la catedral forma parte de la experiencia vital de la ciudad. Su presencia marca el ritmo del casco hist\u00f3rico y conecta con el paso de peregrinos del Camino Primitivo de Santiago.<\/p>\n<p>Visitar la catedral es, por tanto, una oportunidad para descubrir no solo un monumento, sino un espacio vivo donde historia, arte y espiritualidad conviven.<\/p>\t\t\t\t\t\t\t\t<\/div>\n\t\t\t\t<div class=\"elementor-element elementor-element-2d149c7 elementor-widget elementor-widget-button\" data-id=\"2d149c7\" data-element_type=\"widget\" data-e-type=\"widget\" data-widget_type=\"button.default\">\n\t\t\t\t\t\t\t\t\t\t<a class=\"elementor-button elementor-button-link elementor-size-sm\" href=\"\/es\/un-paseo-pola-historia-sagrada-de-lugo\/\">\n\t\t\t\t\t\t<span class=\"elementor-button-content-wrapper\">\n\t\t\t\t\t\t\t\t\t<span class=\"elementor-button-text\">Un paseo pola historia sagrada de Lugo<\/span>\n\t\t\t\t\t<\/span>\n\t\t\t\t\t<\/a>\n\t\t\t\t\t\t\t\t<\/div>\n\t\t\t\t\t<\/div>\n\t\t<\/div>\n\t\t\t\t<div class=\"elementor-column elementor-col-50 elementor-inner-column elementor-element elementor-element-86e0a38 has-sticky-column has-stretch-block has-reset-mobile to-left\" data-id=\"86e0a38\" data-element_type=\"column\" data-e-type=\"column\" data-settings=\"{&quot;background_background&quot;:&quot;classic&quot;}\">\n\t\t\t<div class=\"elementor-widget-wrap elementor-element-populated\">\n\t\t\t\t\t\t<div class=\"elementor-element elementor-element-7942620 elementor-widget elementor-widget-image-carousel\" data-id=\"7942620\" data-element_type=\"widget\" data-e-type=\"widget\" data-settings=\"{&quot;slides_to_show&quot;:&quot;1&quot;,&quot;navigation&quot;:&quot;none&quot;,&quot;lazyload&quot;:&quot;yes&quot;,&quot;autoplay&quot;:&quot;yes&quot;,&quot;pause_on_hover&quot;:&quot;yes&quot;,&quot;pause_on_interaction&quot;:&quot;yes&quot;,&quot;autoplay_speed&quot;:5000,&quot;infinite&quot;:&quot;yes&quot;,&quot;effect&quot;:&quot;slide&quot;,&quot;speed&quot;:500}\" data-widget_type=\"image-carousel.default\">\n\t\t\t\t\t\t\t<div class=\"elementor-image-carousel-wrapper swiper\" role=\"region\" aria-roledescription=\"carousel\" aria-label=\"Carrusel de im\u00e1genes\" dir=\"ltr\">\n\t\t\t<div class=\"elementor-image-carousel swiper-wrapper swiper-image-stretch\" aria-live=\"off\">\n\t\t\t\t\t\t\t\t<div class=\"swiper-slide\" role=\"group\" aria-roledescription=\"slide\" aria-label=\"1 de 4\"><figure class=\"swiper-slide-inner\"><img class=\"swiper-slide-image swiper-lazy\" data-src=\"https:\/\/turismosostible.lugo.gal\/wp-content\/uploads\/2026\/02\/lugo_805-1-scaled.jpg\" alt=\"lugo_805\" \/><div class=\"swiper-lazy-preloader\"><\/div><\/figure><\/div><div class=\"swiper-slide\" role=\"group\" aria-roledescription=\"slide\" aria-label=\"2 de 4\"><figure class=\"swiper-slide-inner\"><img class=\"swiper-slide-image swiper-lazy\" data-src=\"https:\/\/turismosostible.lugo.gal\/wp-content\/uploads\/2026\/02\/lugo_347-1-scaled.jpg\" alt=\"lugo_347\" \/><div class=\"swiper-lazy-preloader\"><\/div><\/figure><\/div><div class=\"swiper-slide\" role=\"group\" aria-roledescription=\"slide\" aria-label=\"3 de 4\"><figure class=\"swiper-slide-inner\"><img class=\"swiper-slide-image swiper-lazy\" data-src=\"https:\/\/turismosostible.lugo.gal\/wp-content\/uploads\/2026\/02\/lugo_321-1-scaled.jpg\" alt=\"lugo_321\" \/><div class=\"swiper-lazy-preloader\"><\/div><\/figure><\/div><div class=\"swiper-slide\" role=\"group\" aria-roledescription=\"slide\" aria-label=\"4 de 4\"><figure class=\"swiper-slide-inner\"><img class=\"swiper-slide-image swiper-lazy\" data-src=\"https:\/\/turismosostible.lugo.gal\/wp-content\/uploads\/2026\/02\/lugo_359-2-scaled.jpg\" alt=\"lugo_359\" \/><div class=\"swiper-lazy-preloader\"><\/div><\/figure><\/div>\t\t\t<\/div>\n\t\t\t\t\t\t\t\n\t\t\t\t\t\t\t\t\t<\/div>\n\t\t\t\t\t\t<\/div>\n\t\t\t\t\t<\/div>\n\t\t<\/div>\n\t\t\t\t\t<\/div>\n\t\t<\/section>\n\t\t\t\t\t<\/div>\n\t\t<\/div>\n\t\t\t\t\t<\/div>\n\t\t<\/section>\n\t\t\t\t<\/div>","protected":false},"excerpt":{"rendered":"<p>Hai destinos que se visitan e outros que se viven.Lugo pertence a estes \u00faltimos. Situada no coraz\u00f3n de Galicia, no noroeste peninsular, Lugo \u00e9 [&hellip;]<\/p>\n","protected":false},"author":1,"featured_media":0,"parent":0,"menu_order":0,"comment_status":"closed","ping_status":"closed","template":"page-custom.php","meta":{"_acf_changed":false,"footnotes":""},"class_list":["post-2543","page","type-page","status-publish","hentry"],"acf":{"full_width":true,"header_transparent":false},"_links":{"self":[{"href":"https:\/\/turismosostible.lugo.gal\/es\/wp-json\/wp\/v2\/pages\/2543","targetHints":{"allow":["GET"]}}],"collection":[{"href":"https:\/\/turismosostible.lugo.gal\/es\/wp-json\/wp\/v2\/pages"}],"about":[{"href":"https:\/\/turismosostible.lugo.gal\/es\/wp-json\/wp\/v2\/types\/page"}],"author":[{"embeddable":true,"href":"https:\/\/turismosostible.lugo.gal\/es\/wp-json\/wp\/v2\/users\/1"}],"replies":[{"embeddable":true,"href":"https:\/\/turismosostible.lugo.gal\/es\/wp-json\/wp\/v2\/comments?post=2543"}],"version-history":[{"count":8,"href":"https:\/\/turismosostible.lugo.gal\/es\/wp-json\/wp\/v2\/pages\/2543\/revisions"}],"predecessor-version":[{"id":2571,"href":"https:\/\/turismosostible.lugo.gal\/es\/wp-json\/wp\/v2\/pages\/2543\/revisions\/2571"}],"wp:attachment":[{"href":"https:\/\/turismosostible.lugo.gal\/es\/wp-json\/wp\/v2\/media?parent=2543"}],"curies":[{"name":"wp","href":"https:\/\/api.w.org\/{rel}","templated":true}]}}

A Catedral de Lugo: historia, arte e espiritualidade no corazón da cidade

<div data-elementor-type="wp-page" data-elementor-id="2543" class="elementor elementor-2543" data-elementor-post-type="page">
						<section class="elementor-section elementor-top-section elementor-element elementor-element-68924aa elementor-section-full_width elementor-section-height-min-height elementor-section-height-default elementor-section-items-middle" data-id="68924aa" data-element_type="section" data-e-type="section">
						<div class="elementor-container elementor-column-gap-custom">
					<div class="elementor-column elementor-col-100 elementor-top-column elementor-element elementor-element-8e196ca" data-id="8e196ca" data-element_type="column" data-e-type="column">
			<div class="elementor-widget-wrap elementor-element-populated">
						<section class="elementor-section elementor-inner-section elementor-element elementor-element-b5294fd elementor-section-full_width elementor-section-height-min-height elementor-reverse-mobile elementor-reverse-tablet elementor-section-height-default" data-id="b5294fd" data-element_type="section" data-e-type="section">
						<div class="elementor-container elementor-column-gap-no">
					<div class="elementor-column elementor-col-50 elementor-inner-column elementor-element elementor-element-f64d004 has-stretch-block to-left" data-id="f64d004" data-element_type="column" data-e-type="column">
			<div class="elementor-widget-wrap elementor-element-populated">
						<div class="elementor-element elementor-element-4cd5b70 elementor-hidden-desktop elementor-hidden-tablet elementor-hidden-mobile elementor-widget elementor-widget-text-editor" data-id="4cd5b70" data-element_type="widget" data-e-type="widget" data-widget_type="text-editor.default">
									<p>Hay destinos que se visitan y otros que se viven.<br />Lugo pertenece a estos últimos.</p>
<p>Situada en el corazón de Galicia, en el noroeste peninsular, Lugo
es un destino único donde el patrimonio histórico, la naturaleza y la
enogastronomía conviven de forma orgánica. Su Muralla Romana,
declarada Patrimonio de la Humanidad, no solo define el paisaje
urbano, sino también una forma de entender el tiempo y la vida.</p>								</div>
				<div class="elementor-element elementor-element-d88420b elementor-widget elementor-widget-video" data-id="d88420b" data-element_type="widget" data-e-type="widget" data-settings="{&quot;video_type&quot;:&quot;hosted&quot;,&quot;autoplay&quot;:&quot;yes&quot;,&quot;controls&quot;:&quot;yes&quot;}" data-widget_type="video.default">
							<div class="e-hosted-video elementor-wrapper elementor-open-inline">
					<video class="elementor-video" src="https://turismosostible.lugo.gal/wp-content/uploads/2026/04/1.-Espiritualidad_CAS.mp4" autoplay="" controls="" controlslist="nodownload"></video>
				</div>
						</div>
				<div class="elementor-element elementor-element-71621fe elementor-hidden-desktop elementor-hidden-tablet elementor-hidden-mobile elementor-widget elementor-widget-heading" data-id="71621fe" data-element_type="widget" data-e-type="widget" data-widget_type="heading.default">
					<h3 class="elementor-heading-title elementor-size-default">Lugo, un encuentro con la historia</h3>				</div>
				<div class="elementor-element elementor-element-49a10c3 elementor-widget elementor-widget-text-editor" data-id="49a10c3" data-element_type="widget" data-e-type="widget" data-widget_type="text-editor.default">
									<p>La Catedral de Santa María de Lugo es uno de los grandes símbolos patrimoniales y espirituales de la ciudad. Situada en el corazón del casco histórico de Lugo, este templo combina estilos románico, gótico, barroco y neoclásico, resultado de siglos de transformaciones.</p>
<p>Uno de sus elementos más singulares es la exposición permanente del Santísimo Sacramento, una tradición única en el ámbito catedralicio que convierte este espacio en un lugar de referencia espiritual tanto para visitantes como para peregrinos.</p>
<p>En el interior, destacan la capilla mayor, el claustro y diversas capillas que reflejan la evolución artística y religiosa de la ciudad. La visita a la catedral permite comprender la importancia de Lugo como centro religioso a lo largo de la historia.</p>
<p>Además de su valor monumental, la catedral forma parte de la experiencia vital de la ciudad. Su presencia marca el ritmo del casco histórico y conecta con el paso de peregrinos del Camino Primitivo de Santiago.</p>
<p>Visitar la catedral es, por tanto, una oportunidad para descubrir no solo un monumento, sino un espacio vivo donde historia, arte y espiritualidad conviven.</p>								</div>
				<div class="elementor-element elementor-element-2d149c7 elementor-widget elementor-widget-button" data-id="2d149c7" data-element_type="widget" data-e-type="widget" data-widget_type="button.default">
										<a class="elementor-button elementor-button-link elementor-size-sm" href="/es/un-paseo-pola-historia-sagrada-de-lugo/">
						<span class="elementor-button-content-wrapper">
									<span class="elementor-button-text">Un paseo pola historia sagrada de Lugo</span>
					</span>
					</a>
								</div>
					</div>
		</div>
				<div class="elementor-column elementor-col-50 elementor-inner-column elementor-element elementor-element-86e0a38 has-sticky-column has-stretch-block has-reset-mobile to-left" data-id="86e0a38" data-element_type="column" data-e-type="column" data-settings="{&quot;background_background&quot;:&quot;classic&quot;}">
			<div class="elementor-widget-wrap elementor-element-populated">
						<div class="elementor-element elementor-element-7942620 elementor-widget elementor-widget-image-carousel" data-id="7942620" data-element_type="widget" data-e-type="widget" data-settings="{&quot;slides_to_show&quot;:&quot;1&quot;,&quot;navigation&quot;:&quot;none&quot;,&quot;lazyload&quot;:&quot;yes&quot;,&quot;autoplay&quot;:&quot;yes&quot;,&quot;pause_on_hover&quot;:&quot;yes&quot;,&quot;pause_on_interaction&quot;:&quot;yes&quot;,&quot;autoplay_speed&quot;:5000,&quot;infinite&quot;:&quot;yes&quot;,&quot;effect&quot;:&quot;slide&quot;,&quot;speed&quot;:500}" data-widget_type="image-carousel.default">
							<div class="elementor-image-carousel-wrapper swiper" role="region" aria-roledescription="carousel" aria-label="Carrusel de imágenes" dir="ltr">
			<div class="elementor-image-carousel swiper-wrapper swiper-image-stretch" aria-live="off">
								<div class="swiper-slide" role="group" aria-roledescription="slide" aria-label="1 de 4"><figure class="swiper-slide-inner"><img class="swiper-slide-image swiper-lazy" data-src="https://turismosostible.lugo.gal/wp-content/uploads/2026/02/lugo_805-1-scaled.jpg" alt="lugo_805" /><div class="swiper-lazy-preloader"></div></figure></div><div class="swiper-slide" role="group" aria-roledescription="slide" aria-label="2 de 4"><figure class="swiper-slide-inner"><img class="swiper-slide-image swiper-lazy" data-src="https://turismosostible.lugo.gal/wp-content/uploads/2026/02/lugo_347-1-scaled.jpg" alt="lugo_347" /><div class="swiper-lazy-preloader"></div></figure></div><div class="swiper-slide" role="group" aria-roledescription="slide" aria-label="3 de 4"><figure class="swiper-slide-inner"><img class="swiper-slide-image swiper-lazy" data-src="https://turismosostible.lugo.gal/wp-content/uploads/2026/02/lugo_321-1-scaled.jpg" alt="lugo_321" /><div class="swiper-lazy-preloader"></div></figure></div><div class="swiper-slide" role="group" aria-roledescription="slide" aria-label="4 de 4"><figure class="swiper-slide-inner"><img class="swiper-slide-image swiper-lazy" data-src="https://turismosostible.lugo.gal/wp-content/uploads/2026/02/lugo_359-2-scaled.jpg" alt="lugo_359" /><div class="swiper-lazy-preloader"></div></figure></div>			</div>
							
									</div>
						</div>
					</div>
		</div>
					</div>
		</section>
					</div>
		</div>
					</div>
		</section>
				</div>

<p>Hai destinos que se visitan e outros que se viven.Lugo pertence a estes últimos. Situada no corazón de Galicia, no noroeste peninsular, Lugo é [&hellip;]</p>
